hen 22738 is divided by 72.
58
What is the remainder when 721 is divided by 285?
151
Calculate the remainder when 6865 is divided by 1126.
109
What is the remainder when 5150 is divided by 616?
222
Calculate the remainder when 36264 is divided by 36247.
17
What is the remainder when 8417 is divided by 7?
3
What is the remainder when 72068 is divided by 52?
48
Calculate the remainder when 14052 is divided by 4682.
6
Calculate the remainder when 5229 is divided by 5215.
14
What is the remainder when 48388 is divided by 33?
10
Calculate the remainder when 4527 is divided by 1497.
36
Calculate the remainder when 1795 is divided by 378.
283
Calculate the remainder when 850 is divided by 56.
10
Calculate the remainder when 111538 is divided by 37178.
4
What is the remainder when 31158 is divided by 125?
33
Calculate the remainder when 10435 is divided by 91.
61
What is the remainder when 142838 is divided by 288?
278
Calculate the remainder when 267836 is divided by 360.
356
Calculate the remainder when 72916 is divided by 72903.
13
Calculate the remainder when 2202 is divided by 38.
36
Calculate the remainder when 45882 is divided by 161.
158
Calculate the remainder when 38956 is divided by 485.
156
What is the remainder when 200076 is divided by 4083?
9
What is the remainder when 7249 is divided by 95?
29
What is the remainder when 10581 is divided by 119?
109
Calculate the remainder when 3839 is divided by 213.
5
Calculate the remainder when 2576 is divided by 520.
496
Calculate the remainder when 8840 is divided by 2934.
38
What is the remainder when 4669579 is divided by 21?
19
What is the remainder when 210879 is divided by 764?
15
Calculate the remainder when 132596 is divided by 12054.
2
Calculate the remainder when 53021 is divided by 25.
21
Calculate the remainder when 407 is divided by 358.
49
What is the remainder when 10328 is divided by 16?
8
Calculate the remainder when 42359 is divided by 796.
171
Calculate the remainder when 96877 is divided by 8073.
1
What is the remainder when 32562 is divided by 32446?
116
Calculate the remainder when 1010 is divided by 469.
72
What is the remainder when 4863 is divided by 4774?
89
What is the remainder when 68955 is divided by 54?
51
Calculate the remainder when 110239 is divided by 106.
105
Calculate the remainder when 6689 is divided by 3288.
113
Calculate the remainder when 110477 is divided by 678.
641
Calculate the remainder when 41550 is divided by 57.
54
Calculate the remainder when 53136 is divided by 89.
3
Calculate the remainder when 10657 is divided by 3550.
7
Calculate the remainder when 4086 is divided by 102.
6
What is the remainder when 41973 is divided by 197?
12
What is the remainder when 84631 is divided by 8?
7
Calculate the remainder when 114943 is divided by 481.
465
Calculate the remainder when 18652 is divided by 3107.
10
What is the remainder when 1873 is divided by 3?
1
What is the remainder when 66744 is divided by 2781?
0
What is the remainder when 676341 is divided by 365?
361
What is the remainder when 24422 is divided by 23?
19
Calculate the remainder when 142409 is divided by 282.
281
Calculate the remainder when 1693 is divided by 556.
25
Calculate the remainder when 2352 is divided by 173.
103
Calculate the remainder when 8600 is divided by 308.
284
Calculate the remainder when 253932 is divided by 513.
510
Calculate the remainder when 1583 is divided by 1470.
113
Calculate the remainder when 7522 is divided by 2501.
19
Calculate the remainder when 17570 is divided by 35.
0
What is the remainder when 39370 is divided by 54?
4
What is the remainder when 27983 is divided by 66?
65
What is the remainder when 30824 is divided by 5133?
26
What is the remainder when 3060 is divided by 844?
528
Calculate the remainder when 669 is divided by 393.
276
Calculate the remainder when 65851 is divided by 33.
16
Calculate the remainder when 22289 is divided by 10958.
373
Calculate the remainder when 2457013 is divided by 1561.
1560
What is the remainder when 3521 is divided by 187?
155
Calculate the remainder when 41036 is divided by 304.
300
What is the remainder when 27122 is divided by 198?
194
Calculate the remainder when 10566 is divided by 137.
17
What is the remainder when 105046 is divided by 123?
4
What is the remainder when 13113 is divided by 93?
0
What is the remainder when 46867 is divided by 609?
583
What is the remainder when 173878 is divided by 35?
33
Calculate the remainder when 5993 is divided by 1956.
125
Calculate the remainder when 5224 is divided by 439.
395
What is the remainder when 72314 is divided by 18073?
22
Calculate the remainder when 41927 is divided by 474.
215
What is the remainder when 14995 is divided by 1545?
1090
Calculate the remainder when 1820 is divided by 205.
180
What is the remainder when 36036 is divided by 29?
18
What is the remainder when 1676 is divided by 167?
6
What is the remainder when 1548536 is divided by 20?
16
What is the remainder when 276546 is divided by 39?
36
What is the remainder when 74575 is divided by 3?
1
Calculate the remainder when 39447 is divided by 9855.
27
Calculate the remainder when 20180 is divided by 6519.
623
What is the remainder when 314696 is divided by 21?
11
What is the remainder when 7349 is divided by 1785?
209
What is the remainder when 522 is divided by 291?
231
What is the remainder when 5247 is divided by 82?
81
Calculate the remainder when 3050 is divided by 53.
29
What is the remainder when 3569158 is divided by 14?
12
Calculate the remainder when 486314 is divided by 48.
26
Calculate the remainder when 256403 is divided by 28.
7
Calculate the remainder when 1528 is divided by 214.
30
Calculate the remainder when 64865 is divided by 21598.
71
Calculate the remainder when 1706 is divided by 652.
402
Calculate the remainder when 21862 is divided by 405.
397
What is the remainder when 541719 is divided by 678?
675
Calculate the remainder when 64467 is divided by 51.
3
Calculate the remainder when 10351 is divided by 253.
231
Calculate the remainder when 324380 is divided by 21.
14
What is the remainder when 2755 is divided by 20?
15
Calculate the remainder when 1708 is divided by 182.
70
Calculate the remainder when 2113 is divided by 1046.
21
What is the remainder when 2575 is divided by 287?
279
Calculate the remainder when 43128 is divided by 11.
8
What is the remainder when 126638 is divided by 945?
8
What is the remainder when 731 is divided by 374?
357
Calculate the remainder when 4239926 is divided by 549.
548
Calculate the remainder when 351447 is divided by 142.
139
Calculate the remainder when 9136 is divided by 430.
106
Calculate the remainder when 7848 is divided by 184.
120
Calculate the remainder when 12335 is divided by 2464.
15
Calculate the remainder when 495189 is divided by 94.
91
Calculate the remainder when 11809 is divided by 66.
61
What is the remainder when 31882 is divided by 499?
445
Calculate the remainder when 150718 is divided by 48.
46
Calculate the remainder when 3882 is divided by 1610.
662
What is the remainder when 632101 is divided by 653?
650
What is the remainder when 1595379 is divided by 105?
9
What is the remainder when 33745 is divided by 3012?
613
Calculate the remainder when 2997 is divided by 368.
53
What is the remainder when 85973 is divided by 455?
433
Calculate the remainder when 265411 is divided by 1368.
19
What is the remainder when 587 is divided by 376?
211
Calculate the remainder when 1606 is divided by 521.
43
What is the remainder when 101 is divided by 14?
3
What is the remainder when 4342 is divided by 1085?
2
Calculate the remainder when 15371 is divided by 14871.
500
Calculate the remainder when 4559 is divided by 910.
9
What is the remainder when 1840 is divided by 367?
5
Calculate the remainder when 751 is divided by 154.
135
Calculate the remainder when 2954398 is divided by 1200.
1198
Calculate the remainder when 51871 is divided by 25929.
13
Calculate the remainder when 40085 is divided by 871.
19
What is the remainder when 144358 is divided by 9?
7
What is the remainder when 1171 is divided by 99?
82
What is the remainder when 16485 is divided by 1267?
14
What is the remainder when 103349 is divided by 78?
77
What is the 